{"id":515,"date":"2026-01-13T20:09:14","date_gmt":"2026-01-13T20:09:14","guid":{"rendered":"https:\/\/cetrat.saludtlax.gob.mx\/?page_id=515"},"modified":"2026-01-13T20:16:42","modified_gmt":"2026-01-13T20:16:42","slug":"mision-y-vision","status":"publish","type":"page","link":"https:\/\/cetrat.saludtlax.gob.mx\/index.php\/mision-y-vision\/","title":{"rendered":"Misi\u00f3n y Visi\u00f3n"},"content":{"rendered":"\t\t<div data-elementor-type=\"wp-page\" data-elementor-id=\"515\" class=\"elementor elementor-515\" data-elementor-post-type=\"page\">\n\t\t\t\t\t\t\t<div class=\"elementor-element elementor-element-b496e26 e-flex e-con-boxed e-con\" data-id=\"b496e26\" data-element_type=\"container\" data-settings=\"{&quot;content_width&quot;:&quot;boxed&quot;}\">\n\t\t\t\t\t<div class=\"e-con-inner\">\n\t\t\t\t<div class=\"elementor-element elementor-element-6b3c57a elementor-widget elementor-widget-text-editor\" data-id=\"6b3c57a\" data-element_type=\"widget\" data-widget_type=\"text-editor.default\">\n\t\t\t\t<div class=\"elementor-widget-container\">\n\t\t\t<style>\/*! elementor - v3.15.0 - 20-08-2023 *\/\n.elementor-widget-text-editor.elementor-drop-cap-view-stacked .elementor-drop-cap{background-color:#69727d;color:#fff}.elementor-widget-text-editor.elementor-drop-cap-view-framed .elementor-drop-cap{color:#69727d;border:3px solid;background-color:transparent}.elementor-widget-text-editor:not(.elementor-drop-cap-view-default) .elementor-drop-cap{margin-top:8px}.elementor-widget-text-editor:not(.elementor-drop-cap-view-default) .elementor-drop-cap-letter{width:1em;height:1em}.elementor-widget-text-editor .elementor-drop-cap{float:left;text-align:center;line-height:1;font-size:50px}.elementor-widget-text-editor .elementor-drop-cap-letter{display:inline-block}<\/style>\t\t\t\t<p><strong>MISI\u00d3N<\/strong><\/p><p>Somos un \u00f3rgano desconcentrado de la Secretar\u00eda de Salud, que opera como una unidad especializada responsable de coordinar, supervisar y promover la \u00a0donaci\u00f3n y trasplante de \u00f3rganos y tejidos con fines terap\u00e9utico, mediante la \u00a0implementaci\u00f3n y coordinaci\u00f3n de acciones y programas para el beneficio de la \u00a0sociedad, en un marco de justicia, transparencia y calidad.<\/p><p>\u00a0<\/p><p><strong>VISI\u00d3N <\/strong><\/p><p>Ser l\u00edder en la regi\u00f3n en materia de donaci\u00f3n, procuraci\u00f3n y trasplante de \u00f3rganos y tejidos, a trav\u00e9s de la mejora continua de los procesos, implementando \u00a0un sistema de calidad para satisfacer las necesidades, demandas y expectativas de \u00a0la poblaci\u00f3n; contribuyendo a mejorar su calidad de vida.<\/p><p>\u00a0<\/p><p><strong>\u00a0<\/strong><\/p><p><strong>VALORES <\/strong><\/p><p>\u00a0<\/p><ul><li>Equidad\u00a0 \u00a0 \u00a0\u00a0\u00a0 \u00a0 \u00a0 \u00a0 \u00a0 \u00a0 \u00a0 \u00a0 \u00a0 \u00a0 \u00a0 \u00a0 \u00a0 \u00a0 \u00a0 \u00a0<\/li><li>Tolerancia\u00a0 \u00a0 \u00a0 \u00a0 \u00a0 \u00a0 \u00a0 \u00a0 \u00a0 \u00a0 \u00a0 \u00a0 \u00a0 \u00a0 \u00a0 \u00a0 \u00a0 \u00a0<\/li><li>Responsabilidad<\/li><li>Empat\u00eda\u00a0 \u00a0 \u00a0 \u00a0 \u00a0 \u00a0 \u00a0 \u00a0 \u00a0 \u00a0 \u00a0 \u00a0 \u00a0 \u00a0 \u00a0 \u00a0 \u00a0 \u00a0 \u00a0 \u00a0<\/li><li>Liderazgo<\/li><li>Calidad\u00a0 \u00a0 \u00a0 \u00a0 \u00a0 \u00a0 \u00a0 \u00a0 \u00a0 \u00a0 \u00a0 \u00a0 \u00a0 \u00a0 \u00a0 \u00a0 \u00a0 \u00a0 \u00a0 \u00a0\u00a0<\/li><li>Puntualidad<\/li><li>Respeto\u00a0 \u00a0 \u00a0 \u00a0 \u00a0 \u00a0 \u00a0 \u00a0 \u00a0 \u00a0 \u00a0 \u00a0 \u00a0 \u00a0 \u00a0 \u00a0 \u00a0 \u00a0 \u00a0 \u00a0<\/li><li>Humildad<\/li><li>Compromiso\u00a0 \u00a0 \u00a0 \u00a0 \u00a0 \u00a0 \u00a0 \u00a0 \u00a0 \u00a0 \u00a0 \u00a0 \u00a0 \u00a0 \u00a0 \u00a0<\/li><li>Honestidad<\/li><li>Confidencialidad\u00a0<\/li><li>Justicia\u00a0\u00a0 \u00a0<\/li><\/ul>\t\t\t\t\t\t<\/div>\n\t\t\t\t<\/div>\n\t\t\t\t\t<\/div>\n\t\t\t\t<\/div>\n\t\t\t\t\t\t\t<\/div>\n\t\t","protected":false},"excerpt":{"rendered":"<p>MISI\u00d3N Somos un \u00f3rgano desconcentrado de la Secretar\u00eda de Salud, que opera como una unidad especializada responsable de coordinar, supervisar y promover la \u00a0donaci\u00f3n y trasplante de \u00f3rganos y tejidos con fines terap\u00e9utico, mediante la \u00a0implementaci\u00f3n y coordinaci\u00f3n de acciones y programas para el beneficio de la \u00a0sociedad, en un marco de justicia, transparencia y [&hellip;]<\/p>\n","protected":false},"author":1,"featured_media":0,"parent":0,"menu_order":0,"comment_status":"closed","ping_status":"closed","template":"","meta":{"footnotes":""},"class_list":["post-515","page","type-page","status-publish","hentry"],"_links":{"self":[{"href":"https:\/\/cetrat.saludtlax.gob.mx\/index.php\/wp-json\/wp\/v2\/pages\/515","targetHints":{"allow":["GET"]}}],"collection":[{"href":"https:\/\/cetrat.saludtlax.gob.mx\/index.php\/wp-json\/wp\/v2\/pages"}],"about":[{"href":"https:\/\/cetrat.saludtlax.gob.mx\/index.php\/wp-json\/wp\/v2\/types\/page"}],"author":[{"embeddable":true,"href":"https:\/\/cetrat.saludtlax.gob.mx\/index.php\/wp-json\/wp\/v2\/users\/1"}],"replies":[{"embeddable":true,"href":"https:\/\/cetrat.saludtlax.gob.mx\/index.php\/wp-json\/wp\/v2\/comments?post=515"}],"version-history":[{"count":4,"href":"https:\/\/cetrat.saludtlax.gob.mx\/index.php\/wp-json\/wp\/v2\/pages\/515\/revisions"}],"predecessor-version":[{"id":534,"href":"https:\/\/cetrat.saludtlax.gob.mx\/index.php\/wp-json\/wp\/v2\/pages\/515\/revisions\/534"}],"wp:attachment":[{"href":"https:\/\/cetrat.saludtlax.gob.mx\/index.php\/wp-json\/wp\/v2\/media?parent=515"}],"curies":[{"name":"wp","href":"https:\/\/api.w.org\/{rel}","templated":true}]}}