{"id":517,"date":"2026-01-13T20:09:24","date_gmt":"2026-01-13T20:09:24","guid":{"rendered":"https:\/\/cetrat.saludtlax.gob.mx\/?page_id=517"},"modified":"2026-01-13T20:17:39","modified_gmt":"2026-01-13T20:17:39","slug":"marco-juridico","status":"publish","type":"page","link":"https:\/\/cetrat.saludtlax.gob.mx\/index.php\/marco-juridico\/","title":{"rendered":"Marco Juridico"},"content":{"rendered":"\t\t<div data-elementor-type=\"wp-page\" data-elementor-id=\"517\" class=\"elementor elementor-517\" data-elementor-post-type=\"page\">\n\t\t\t\t\t\t\t<div class=\"elementor-element elementor-element-8105ad2 e-flex e-con-boxed e-con\" data-id=\"8105ad2\" data-element_type=\"container\" data-settings=\"{&quot;content_width&quot;:&quot;boxed&quot;}\">\n\t\t\t\t\t<div class=\"e-con-inner\">\n\t\t\t\t<div class=\"elementor-element elementor-element-ab7a04d elementor-widget elementor-widget-text-editor\" data-id=\"ab7a04d\" data-element_type=\"widget\" data-widget_type=\"text-editor.default\">\n\t\t\t\t<div class=\"elementor-widget-container\">\n\t\t\t<style>\/*! elementor - v3.15.0 - 20-08-2023 *\/\n.elementor-widget-text-editor.elementor-drop-cap-view-stacked .elementor-drop-cap{background-color:#69727d;color:#fff}.elementor-widget-text-editor.elementor-drop-cap-view-framed .elementor-drop-cap{color:#69727d;border:3px solid;background-color:transparent}.elementor-widget-text-editor:not(.elementor-drop-cap-view-default) .elementor-drop-cap{margin-top:8px}.elementor-widget-text-editor:not(.elementor-drop-cap-view-default) .elementor-drop-cap-letter{width:1em;height:1em}.elementor-widget-text-editor .elementor-drop-cap{float:left;text-align:center;line-height:1;font-size:50px}.elementor-widget-text-editor .elementor-drop-cap-letter{display:inline-block}<\/style>\t\t\t\t<p><span style=\"font-size: 1rem;\">El Centro Estatal de Trasplantes se encuentra sujeto al siguiente Marco Normativo:<\/span><\/p><p>\u00a0<\/p><ul><li>Constituci\u00f3n Pol\u00edtica de los Estados Unidos Mexicanos<\/li><li>Ley Org\u00e1nica de la Administraci\u00f3n P\u00fablica Federal<\/li><li>Ley Federal de Responsabilidades de los Servidores P\u00fablicos<\/li><li>Ley Federal del Trabajo Reglamentario del 123 apartado \u201cA\u201d y \u201cB\u201d vigente.<\/li><li>Ley Federal del Trabajo Burocr\u00e1tico.<\/li><li>Ley General de Salud<\/li><li>Ley Org\u00e1nica de la Administraci\u00f3n P\u00fablica.<\/li><li>Ley de Presupuesto, Contabilidad y Gasto P\u00fablico Federal y<\/li><li>Ley de Acceso a la Informaci\u00f3n P\u00fablica del Estado de<\/li><li>Ley Estatal de Salud para el Estado de<\/li><li>C\u00f3digo Penal del Estado de Tlaxcala y C\u00f3digo de Procedimientos del Estado de<\/li><li>Reglamento Interior de la Secretar\u00eda de Salud<\/li><li>Reglamento de la Ley General de Salud en Materia de Trasplantes<\/li><li>Reglamento de la Ley General de Salud en Materia de Investigaci\u00f3n para la Salud<\/li><li>Reglamento de la Ley General de Salud en Materia de Protecci\u00f3n Social en Salud<\/li><li>Reglamento de la Ley General de Salud en Materia de Prestaci\u00f3n de Servicios y de Atenci\u00f3n M\u00e9dica<\/li><li>Reglamento Interior del Organismo P\u00fablico Descentralizado Salud de<\/li><li>Reglamento de la Comisi\u00f3n Federal para la Protecci\u00f3n contra Riesgos Sanitarios<\/li><li>Decreto 88 de adici\u00f3n a la Ley Estatal de Salud, el cap\u00edtulo en materia de donaci\u00f3n y trasplante de \u00f3rganos y tejidos de seres humanos en el Estado de Tlaxcala.<\/li><li>Acuerdo de Creaci\u00f3n del Centro de Trasplantes de Tlaxcala<\/li><li>Plan Nacional de Desarrollo 2025 &#8211; 2030<\/li><li>Programa Sectorial de Salud 2025 \u2013<\/li><li>Programa Acci\u00f3n Espec\u00edfico, Donaci\u00f3n y Trasplante de \u00d3rganos y Tejidos, 2020-<\/li><li>Plan Estatal de Desarrollo 2021 \u2013<\/li><\/ul>\t\t\t\t\t\t<\/div>\n\t\t\t\t<\/div>\n\t\t\t\t\t<\/div>\n\t\t\t\t<\/div>\n\t\t\t\t\t\t\t<\/div>\n\t\t","protected":false},"excerpt":{"rendered":"<p>El Centro Estatal de Trasplantes se encuentra sujeto al siguiente Marco Normativo: \u00a0 Constituci\u00f3n Pol\u00edtica de los Estados Unidos Mexicanos Ley Org\u00e1nica de la Administraci\u00f3n P\u00fablica Federal Ley Federal de Responsabilidades de los Servidores P\u00fablicos Ley Federal del Trabajo Reglamentario del 123 apartado \u201cA\u201d y \u201cB\u201d vigente. Ley Federal del Trabajo Burocr\u00e1tico. Ley General de [&hellip;]<\/p>\n","protected":false},"author":1,"featured_media":0,"parent":0,"menu_order":0,"comment_status":"closed","ping_status":"closed","template":"","meta":{"footnotes":""},"class_list":["post-517","page","type-page","status-publish","hentry"],"_links":{"self":[{"href":"https:\/\/cetrat.saludtlax.gob.mx\/index.php\/wp-json\/wp\/v2\/pages\/517","targetHints":{"allow":["GET"]}}],"collection":[{"href":"https:\/\/cetrat.saludtlax.gob.mx\/index.php\/wp-json\/wp\/v2\/pages"}],"about":[{"href":"https:\/\/cetrat.saludtlax.gob.mx\/index.php\/wp-json\/wp\/v2\/types\/page"}],"author":[{"embeddable":true,"href":"https:\/\/cetrat.saludtlax.gob.mx\/index.php\/wp-json\/wp\/v2\/users\/1"}],"replies":[{"embeddable":true,"href":"https:\/\/cetrat.saludtlax.gob.mx\/index.php\/wp-json\/wp\/v2\/comments?post=517"}],"version-history":[{"count":7,"href":"https:\/\/cetrat.saludtlax.gob.mx\/index.php\/wp-json\/wp\/v2\/pages\/517\/revisions"}],"predecessor-version":[{"id":540,"href":"https:\/\/cetrat.saludtlax.gob.mx\/index.php\/wp-json\/wp\/v2\/pages\/517\/revisions\/540"}],"wp:attachment":[{"href":"https:\/\/cetrat.saludtlax.gob.mx\/index.php\/wp-json\/wp\/v2\/media?parent=517"}],"curies":[{"name":"wp","href":"https:\/\/api.w.org\/{rel}","templated":true}]}}